{"id":4350,"date":"2017-10-05T09:23:17","date_gmt":"2017-10-05T07:23:17","guid":{"rendered":"https:\/\/www.skiclub-baden-baden.de\/?page_id=4350"},"modified":"2023-02-06T17:03:33","modified_gmt":"2023-02-06T16:03:33","slug":"skiball-2020","status":"publish","type":"page","link":"https:\/\/www.skiclub-baden-baden.de\/?page_id=4350","title":{"rendered":"Skiball 2023"},"content":{"rendered":"\n<style type=\"text\/css\" data-created_by=\"avia_inline_auto\" id=\"style-css-av-lrkom6-1be2c56f9f372e612fae6a3d191a6628\">\n.avia-section.av-lrkom6-1be2c56f9f372e612fae6a3d191a6628{\nbackground-repeat:no-repeat;\nbackground-image:url(https:\/\/www.skiclub-baden-baden.de\/wp-content\/uploads\/2017\/10\/lights-party-dancing-music-2.jpg);\nbackground-position:0% 0%;\nbackground-attachment:fixed;\n}\n<\/style>\n<div id='av_section_1'  class='avia-section av-lrkom6-1be2c56f9f372e612fae6a3d191a6628 main_color avia-section-default avia-no-shadow  avia-builder-el-0  avia-builder-el-no-sibling  avia-full-stretch avia-bg-style-fixed container_wrap fullsize'  data-section-bg-repeat='stretch'><div class='container av-section-cont-open' ><main  role=\"main\" itemprop=\"mainContentOfPage\"  class='template-page content  av-content-full alpha units'><div class='post-entry post-entry-type-page post-entry-4350'><div class='entry-content-wrapper clearfix'>\n\n<style type=\"text\/css\" data-created_by=\"avia_inline_auto\" id=\"style-css-av-kgxssu-6e9210751ddda633f681125025cf721f\">\n.flex_column.av-kgxssu-6e9210751ddda633f681125025cf721f{\n-webkit-border-radius:0px 0px 0px 0px;\n-moz-border-radius:0px 0px 0px 0px;\nborder-radius:0px 0px 0px 0px;\npadding:2% 2% 2% 2%;\nbackground-color:rgba(255,255,255,0.75);\n}\n<\/style>\n<div class='flex_column av-kgxssu-6e9210751ddda633f681125025cf721f av_one_full  avia-builder-el-1  avia-builder-el-no-sibling  first flex_column_div '     ><section  class='av_textblock_section av-iq150u-be817800f70f6a6933c7586b92f908d0'  itemscope=\"itemscope\" itemtype=\"https:\/\/schema.org\/CreativeWork\" ><div class='avia_textblock'  itemprop=\"text\" ><div><strong><em>Die legend\u00e4re Fastnachtsparty mit Kost\u00fcmpr\u00e4mierung in Zusammenarbeit mit dem Skiclub Baden-Baden.<\/em><\/strong><\/div>\n<div><\/div>\n<div><\/div>\n<\/div><\/section><br \/>\n\n<style type=\"text\/css\" data-created_by=\"avia_inline_auto\" id=\"style-css-av-hr5zu6-98650c6d16e749ac45d6dd98a6d27a39\">\n#top .hr.hr-invisible.av-hr5zu6-98650c6d16e749ac45d6dd98a6d27a39{\nheight:50px;\n}\n<\/style>\n<div  class='hr av-hr5zu6-98650c6d16e749ac45d6dd98a6d27a39 hr-invisible  avia-builder-el-3  el_after_av_textblock  el_before_av_textblock '><span class='hr-inner '><span class=\"hr-inner-style\"><\/span><\/span><\/div><br \/>\n<section  class='av_textblock_section av-g0xzem-cad9464a699b61e939e0c17868b0d6ff'  itemscope=\"itemscope\" itemtype=\"https:\/\/schema.org\/CreativeWork\" ><div class='avia_textblock'  itemprop=\"text\" ><div>\n<section class=\"av_textblock_section\">\n<div class=\"avia_textblock \">\n<div>\n<div>\n<div><strong>SA 11. FEB 2023 \/ 21.00 UHR<\/strong><\/div>\n<div><strong>KURHAUS BADEN-BADEN<\/strong><\/div>\n<p>Am 11. Februar wird das Kurhaus Baden-Baden zur Feierhochburg f\u00fcr die Fastnachter einer ganzen Region. Beim legend\u00e4ren Skiball sorgen Groovin Affairs, Just for Fun, DJ Andi, DJ Frank Dickerhof und DJ Frank M\u00fcller f\u00fcr feinste Fastnachts- und Partystimmung im tollen Ambiente des knallbunten Kurhauses.<\/p>\n<p>Mit <strong>Groovin Affairs<\/strong> kommt eine der besten Funk &#8216;n&#8217; Soul-Bands Deutschlands zum Skiball. Auf ihrem Programm im Runden Saal stehen Funk, Soul, Rock und Pop der Extraklasse. Die bekanntesten 80er-Jahre-Klassiker und die besten Hits dieser Tage pr\u00e4sentiert <strong>DJ Andi<\/strong> beim Skiball. &#8220;Eine tolle Party mit viel Spa\u00df&#8221; \u2013 das ist das Motto, was auch der Name der Band <strong>Just for Fun<\/strong> schon aussagt. Mit ihren Partykrachern sorgen sie f\u00fcr ausgelassene Stimmung im B\u00e9nazetsaal. Ob angesagte Partyhits, Neues von den Charts, Rockmusik oder altbew\u00e4hrte Hits \u2013 ihr breites Repertoire begeistert alle. Mit dabei im B\u00e9nazetsaal mit seinem Partyhit-Mix ist auch <strong>DJ Frank Dickerhof<\/strong>. In der Bel Etage wird <strong>DJ Frank M\u00fcller<\/strong> Ihre Musikw\u00fcnsche erf\u00fcllen.<\/p>\n<\/div>\n<\/div>\n<\/div>\n<\/section>\n<\/div>\n<div><\/div>\n<\/div><\/section><br \/>\n\n<style type=\"text\/css\" data-created_by=\"avia_inline_auto\" id=\"style-css-av-e48k72-c6cc7d546a3b0746935780231c483efc\">\n#top .hr.hr-invisible.av-e48k72-c6cc7d546a3b0746935780231c483efc{\nheight:50px;\n}\n<\/style>\n<div  class='hr av-e48k72-c6cc7d546a3b0746935780231c483efc hr-invisible  avia-builder-el-5  el_after_av_textblock  el_before_av_slideshow_accordion  avia-builder-el-last '><span class='hr-inner '><span class=\"hr-inner-style\"><\/span><\/span><\/div><br \/>\n\n<style type=\"text\/css\" data-created_by=\"avia_inline_auto\" id=\"style-css-av-c9kvb2-4122f99504ae90a692214f7bd8e0bb59\">\n.avia-accordion.av-c9kvb2-4122f99504ae90a692214f7bd8e0bb59{\nmax-height:430px;\n}\n.avia-accordion.av-c9kvb2-4122f99504ae90a692214f7bd8e0bb59 .aviaccordion-preview{\nwidth:25.1%;\n}\n.avia-accordion .aviaccordion-slide.av-c9kvb2-4122f99504ae90a692214f7bd8e0bb59__0{\nleft:0%;\n}\n.avia-accordion .aviaccordion-slide.av-c9kvb2-4122f99504ae90a692214f7bd8e0bb59__1{\nleft:25%;\n}\n.avia-accordion .aviaccordion-slide.av-c9kvb2-4122f99504ae90a692214f7bd8e0bb59__2{\nleft:50%;\n}\n.avia-accordion .aviaccordion-slide.av-c9kvb2-4122f99504ae90a692214f7bd8e0bb59__3{\nleft:75%;\n}\n<\/style>\n<div  id=\"accordion_slider_1\"  class='aviaccordion avia-accordion av-c9kvb2-4122f99504ae90a692214f7bd8e0bb59 aviaccordion-title-active av-slideshow-autoplay av-loop-endless ' data-slideshow-options=\"{&quot;interval&quot;:5,&quot;autoplay&quot;:true,&quot;loop_autoplay&quot;:&quot;endless&quot;}\"  itemscope=\"itemscope\" itemtype=\"https:\/\/schema.org\/Blog\" ><ul class=\"aviaccordion-inner\"><li class='aviaccordion-slide av-c9kvb2-4122f99504ae90a692214f7bd8e0bb59__0 aviaccordion-slide-1' data-av-left='0'  itemscope=\"itemscope\" itemtype=\"https:\/\/schema.org\/CreativeWork\" ><a class='aviaccordion-slide-link noHover' href=\"https:\/\/www.skiclub-baden-baden.de\/wp-content\/uploads\/2019\/12\/csm_DSC05339_ea86af0aa8-1030x687.jpg\" data-srcset=\"https:\/\/www.skiclub-baden-baden.de\/wp-content\/uploads\/2019\/12\/csm_DSC05339_ea86af0aa8-1030x687.jpg 1030w, https:\/\/www.skiclub-baden-baden.de\/wp-content\/uploads\/2019\/12\/csm_DSC05339_ea86af0aa8-300x200.jpg 300w, https:\/\/www.skiclub-baden-baden.de\/wp-content\/uploads\/2019\/12\/csm_DSC05339_ea86af0aa8-768x512.jpg 768w, https:\/\/www.skiclub-baden-baden.de\/wp-content\/uploads\/2019\/12\/csm_DSC05339_ea86af0aa8-705x470.jpg 705w, https:\/\/www.skiclub-baden-baden.de\/wp-content\/uploads\/2019\/12\/csm_DSC05339_ea86af0aa8-450x300.jpg 450w, https:\/\/www.skiclub-baden-baden.de\/wp-content\/uploads\/2019\/12\/csm_DSC05339_ea86af0aa8.jpg 1400w\" data-sizes=\"(max-width: 1030px) 100vw, 1030px\"  title=\"csm_DSC05339_ea86af0aa8\" ><div class='aviaccordion-preview '><\/div><img loading=\"lazy\" decoding=\"async\" width=\"1400\" height=\"430\" src=\"https:\/\/www.skiclub-baden-baden.de\/wp-content\/uploads\/2019\/12\/csm_DSC05339_ea86af0aa8-1400x430.jpg\" class=\"aviaccordion-image\" alt=\"\" \/><\/a><\/li><li class='aviaccordion-slide av-c9kvb2-4122f99504ae90a692214f7bd8e0bb59__1 aviaccordion-slide-2' data-av-left='25'  itemscope=\"itemscope\" itemtype=\"https:\/\/schema.org\/CreativeWork\" ><a class='aviaccordion-slide-link noHover' href=\"https:\/\/www.skiclub-baden-baden.de\/wp-content\/uploads\/2019\/12\/csm_DSC05871_dc8e104d14-687x1030.jpg\" data-srcset=\"https:\/\/www.skiclub-baden-baden.de\/wp-content\/uploads\/2019\/12\/csm_DSC05871_dc8e104d14-687x1030.jpg 687w, https:\/\/www.skiclub-baden-baden.de\/wp-content\/uploads\/2019\/12\/csm_DSC05871_dc8e104d14-200x300.jpg 200w, https:\/\/www.skiclub-baden-baden.de\/wp-content\/uploads\/2019\/12\/csm_DSC05871_dc8e104d14-768x1152.jpg 768w, https:\/\/www.skiclub-baden-baden.de\/wp-content\/uploads\/2019\/12\/csm_DSC05871_dc8e104d14-1000x1500.jpg 1000w, https:\/\/www.skiclub-baden-baden.de\/wp-content\/uploads\/2019\/12\/csm_DSC05871_dc8e104d14-470x705.jpg 470w, https:\/\/www.skiclub-baden-baden.de\/wp-content\/uploads\/2019\/12\/csm_DSC05871_dc8e104d14-450x675.jpg 450w, https:\/\/www.skiclub-baden-baden.de\/wp-content\/uploads\/2019\/12\/csm_DSC05871_dc8e104d14.jpg 1400w\" data-sizes=\"(max-width: 687px) 100vw, 687px\"  title=\"csm_DSC05871_dc8e104d14\" ><div class='aviaccordion-preview '><\/div><img loading=\"lazy\" decoding=\"async\" width=\"1400\" height=\"430\" src=\"https:\/\/www.skiclub-baden-baden.de\/wp-content\/uploads\/2019\/12\/csm_DSC05871_dc8e104d14-1400x430.jpg\" class=\"aviaccordion-image\" alt=\"\" \/><\/a><\/li><li class='aviaccordion-slide av-c9kvb2-4122f99504ae90a692214f7bd8e0bb59__2 aviaccordion-slide-3' data-av-left='50'  itemscope=\"itemscope\" itemtype=\"https:\/\/schema.org\/CreativeWork\" ><a class='aviaccordion-slide-link noHover' href=\"https:\/\/www.skiclub-baden-baden.de\/wp-content\/uploads\/2019\/12\/csm_DSC05369_4232f61813-687x1030.jpg\" data-srcset=\"https:\/\/www.skiclub-baden-baden.de\/wp-content\/uploads\/2019\/12\/csm_DSC05369_4232f61813-687x1030.jpg 687w, https:\/\/www.skiclub-baden-baden.de\/wp-content\/uploads\/2019\/12\/csm_DSC05369_4232f61813-200x300.jpg 200w, https:\/\/www.skiclub-baden-baden.de\/wp-content\/uploads\/2019\/12\/csm_DSC05369_4232f61813-768x1152.jpg 768w, https:\/\/www.skiclub-baden-baden.de\/wp-content\/uploads\/2019\/12\/csm_DSC05369_4232f61813-1000x1500.jpg 1000w, https:\/\/www.skiclub-baden-baden.de\/wp-content\/uploads\/2019\/12\/csm_DSC05369_4232f61813-470x705.jpg 470w, https:\/\/www.skiclub-baden-baden.de\/wp-content\/uploads\/2019\/12\/csm_DSC05369_4232f61813-450x675.jpg 450w, https:\/\/www.skiclub-baden-baden.de\/wp-content\/uploads\/2019\/12\/csm_DSC05369_4232f61813.jpg 1400w\" data-sizes=\"(max-width: 687px) 100vw, 687px\"  title=\"csm_DSC05369_4232f61813\" ><div class='aviaccordion-preview '><\/div><img loading=\"lazy\" decoding=\"async\" width=\"1400\" height=\"430\" src=\"https:\/\/www.skiclub-baden-baden.de\/wp-content\/uploads\/2019\/12\/csm_DSC05369_4232f61813-1400x430.jpg\" class=\"aviaccordion-image\" alt=\"\" \/><\/a><\/li><li class='aviaccordion-slide av-c9kvb2-4122f99504ae90a692214f7bd8e0bb59__3 aviaccordion-slide-4' data-av-left='75'  itemscope=\"itemscope\" itemtype=\"https:\/\/schema.org\/CreativeWork\" ><a class='aviaccordion-slide-link noHover' href=\"https:\/\/www.skiclub-baden-baden.de\/wp-content\/uploads\/2019\/12\/csm_DSC05410_ea6db2e7a2-1030x687.jpg\" data-srcset=\"https:\/\/www.skiclub-baden-baden.de\/wp-content\/uploads\/2019\/12\/csm_DSC05410_ea6db2e7a2-1030x687.jpg 1030w, https:\/\/www.skiclub-baden-baden.de\/wp-content\/uploads\/2019\/12\/csm_DSC05410_ea6db2e7a2-300x200.jpg 300w, https:\/\/www.skiclub-baden-baden.de\/wp-content\/uploads\/2019\/12\/csm_DSC05410_ea6db2e7a2-768x512.jpg 768w, https:\/\/www.skiclub-baden-baden.de\/wp-content\/uploads\/2019\/12\/csm_DSC05410_ea6db2e7a2-705x470.jpg 705w, https:\/\/www.skiclub-baden-baden.de\/wp-content\/uploads\/2019\/12\/csm_DSC05410_ea6db2e7a2-450x300.jpg 450w, https:\/\/www.skiclub-baden-baden.de\/wp-content\/uploads\/2019\/12\/csm_DSC05410_ea6db2e7a2.jpg 1400w\" data-sizes=\"(max-width: 1030px) 100vw, 1030px\"  title=\"csm_DSC05410_ea6db2e7a2\" ><div class='aviaccordion-preview '><\/div><img loading=\"lazy\" decoding=\"async\" width=\"1400\" height=\"430\" src=\"https:\/\/www.skiclub-baden-baden.de\/wp-content\/uploads\/2019\/12\/csm_DSC05410_ea6db2e7a2-1400x430.jpg\" class=\"aviaccordion-image\" alt=\"\" \/><\/a><\/li><\/ul><div class='aviaccordion-spacer' style='padding-bottom:28.666666666667%'><\/div><\/div><br \/>\n\n<style type=\"text\/css\" data-created_by=\"avia_inline_auto\" id=\"style-css-av-3nddzi-d523fa855ff6891909d8ce53b4a0c5eb\">\n#top .hr.hr-invisible.av-3nddzi-d523fa855ff6891909d8ce53b4a0c5eb{\nheight:50px;\n}\n<\/style>\n<div  class='hr av-3nddzi-d523fa855ff6891909d8ce53b4a0c5eb hr-invisible  avia-builder-el-7  el_after_av_slideshow_accordion  el_before_av_textblock  avia-builder-el-first '><span class='hr-inner '><span class=\"hr-inner-style\"><\/span><\/span><\/div><br \/>\n<section  class='av_textblock_section av-2e35pq-3b64c0e8ef21545c167ed0160938aa97'  itemscope=\"itemscope\" itemtype=\"https:\/\/schema.org\/CreativeWork\" ><div class='avia_textblock'  itemprop=\"text\" ><h2>Tickets:<\/h2>\n<div>\n<p><strong>Flanierkarte 18 \u20ac &#8211; f\u00fcr Mitglieder 16 \u20ac<\/strong><\/p>\n<p><strong>Tischkarte 22 \u20ac &#8211; f\u00fcr Mitglieder 20 \u20ac <span style=\"color: #ff6600;\">&#8211; Leider ausverkauft<\/span><\/strong><\/p>\n<p>Infos und Bestellung: <a href=\"mailto:claas_mueller@web.de\">claas_mueller@web.de<\/a><\/p>\n<\/div>\n<\/div><\/section><\/p><\/div>\n","protected":false},"excerpt":{"rendered":"","protected":false},"author":1,"featured_media":0,"parent":0,"menu_order":0,"comment_status":"closed","ping_status":"closed","template":"","meta":{"_monsterinsights_skip_tracking":false,"_monsterinsights_sitenote_active":false,"_monsterinsights_sitenote_note":"","_monsterinsights_sitenote_category":0,"footnotes":""},"class_list":["post-4350","page","type-page","status-publish","hentry"],"yoast_head":"<!-- This site is optimized with the Yoast SEO plugin v26.6 - https:\/\/yoast.com\/wordpress\/plugins\/seo\/ -->\n<title>Skiball 2023 &#8211; #SCBB<\/title>\n<meta name=\"robots\" content=\"index, follow, max-snippet:-1, max-image-preview:large, max-video-preview:-1\" \/>\n<link rel=\"canonical\" href=\"https:\/\/www.skiclub-baden-baden.de\/?page_id=4350\" \/>\n<meta property=\"og:locale\" content=\"de_DE\" \/>\n<meta property=\"og:type\" content=\"article\" \/>\n<meta property=\"og:title\" content=\"Skiball 2023 &#8211; #SCBB\" \/>\n<meta property=\"og:url\" content=\"https:\/\/www.skiclub-baden-baden.de\/?page_id=4350\" \/>\n<meta property=\"og:site_name\" content=\"#SCBB\" \/>\n<meta property=\"article:modified_time\" content=\"2023-02-06T16:03:33+00:00\" \/>\n<meta name=\"twitter:card\" content=\"summary_large_image\" \/>\n<meta name=\"twitter:label1\" content=\"Gesch\u00e4tzte Lesezeit\" \/>\n\t<meta name=\"twitter:data1\" content=\"3\u00a0Minuten\" \/>\n<script type=\"application\/ld+json\" class=\"yoast-schema-graph\">{\"@context\":\"https:\/\/schema.org\",\"@graph\":[{\"@type\":\"WebPage\",\"@id\":\"https:\/\/www.skiclub-baden-baden.de\/?page_id=4350\",\"url\":\"https:\/\/www.skiclub-baden-baden.de\/?page_id=4350\",\"name\":\"Skiball 2023 &#8211; #SCBB\",\"isPartOf\":{\"@id\":\"https:\/\/www.skiclub-baden-baden.de\/#website\"},\"datePublished\":\"2017-10-05T07:23:17+00:00\",\"dateModified\":\"2023-02-06T16:03:33+00:00\",\"breadcrumb\":{\"@id\":\"https:\/\/www.skiclub-baden-baden.de\/?page_id=4350#breadcrumb\"},\"inLanguage\":\"de\",\"potentialAction\":[{\"@type\":\"ReadAction\",\"target\":[\"https:\/\/www.skiclub-baden-baden.de\/?page_id=4350\"]}]},{\"@type\":\"BreadcrumbList\",\"@id\":\"https:\/\/www.skiclub-baden-baden.de\/?page_id=4350#breadcrumb\",\"itemListElement\":[{\"@type\":\"ListItem\",\"position\":1,\"name\":\"Startseite\",\"item\":\"https:\/\/www.skiclub-baden-baden.de\/\"},{\"@type\":\"ListItem\",\"position\":2,\"name\":\"Skiball 2023\"}]},{\"@type\":\"WebSite\",\"@id\":\"https:\/\/www.skiclub-baden-baden.de\/#website\",\"url\":\"https:\/\/www.skiclub-baden-baden.de\/\",\"name\":\"#SCBB\",\"description\":\"Skiclub Baden-Baden\",\"potentialAction\":[{\"@type\":\"SearchAction\",\"target\":{\"@type\":\"EntryPoint\",\"urlTemplate\":\"https:\/\/www.skiclub-baden-baden.de\/?s={search_term_string}\"},\"query-input\":{\"@type\":\"PropertyValueSpecification\",\"valueRequired\":true,\"valueName\":\"search_term_string\"}}],\"inLanguage\":\"de\"}]}<\/script>\n<!-- \/ Yoast SEO plugin. -->","yoast_head_json":{"title":"Skiball 2023 &#8211; #SCBB","robots":{"index":"index","follow":"follow","max-snippet":"max-snippet:-1","max-image-preview":"max-image-preview:large","max-video-preview":"max-video-preview:-1"},"canonical":"https:\/\/www.skiclub-baden-baden.de\/?page_id=4350","og_locale":"de_DE","og_type":"article","og_title":"Skiball 2023 &#8211; #SCBB","og_url":"https:\/\/www.skiclub-baden-baden.de\/?page_id=4350","og_site_name":"#SCBB","article_modified_time":"2023-02-06T16:03:33+00:00","twitter_card":"summary_large_image","twitter_misc":{"Gesch\u00e4tzte Lesezeit":"3\u00a0Minuten"},"schema":{"@context":"https:\/\/schema.org","@graph":[{"@type":"WebPage","@id":"https:\/\/www.skiclub-baden-baden.de\/?page_id=4350","url":"https:\/\/www.skiclub-baden-baden.de\/?page_id=4350","name":"Skiball 2023 &#8211; #SCBB","isPartOf":{"@id":"https:\/\/www.skiclub-baden-baden.de\/#website"},"datePublished":"2017-10-05T07:23:17+00:00","dateModified":"2023-02-06T16:03:33+00:00","breadcrumb":{"@id":"https:\/\/www.skiclub-baden-baden.de\/?page_id=4350#breadcrumb"},"inLanguage":"de","potentialAction":[{"@type":"ReadAction","target":["https:\/\/www.skiclub-baden-baden.de\/?page_id=4350"]}]},{"@type":"BreadcrumbList","@id":"https:\/\/www.skiclub-baden-baden.de\/?page_id=4350#breadcrumb","itemListElement":[{"@type":"ListItem","position":1,"name":"Startseite","item":"https:\/\/www.skiclub-baden-baden.de\/"},{"@type":"ListItem","position":2,"name":"Skiball 2023"}]},{"@type":"WebSite","@id":"https:\/\/www.skiclub-baden-baden.de\/#website","url":"https:\/\/www.skiclub-baden-baden.de\/","name":"#SCBB","description":"Skiclub Baden-Baden","potentialAction":[{"@type":"SearchAction","target":{"@type":"EntryPoint","urlTemplate":"https:\/\/www.skiclub-baden-baden.de\/?s={search_term_string}"},"query-input":{"@type":"PropertyValueSpecification","valueRequired":true,"valueName":"search_term_string"}}],"inLanguage":"de"}]}},"_links":{"self":[{"href":"https:\/\/www.skiclub-baden-baden.de\/index.php?rest_route=\/wp\/v2\/pages\/4350","targetHints":{"allow":["GET"]}}],"collection":[{"href":"https:\/\/www.skiclub-baden-baden.de\/index.php?rest_route=\/wp\/v2\/pages"}],"about":[{"href":"https:\/\/www.skiclub-baden-baden.de\/index.php?rest_route=\/wp\/v2\/types\/page"}],"author":[{"embeddable":true,"href":"https:\/\/www.skiclub-baden-baden.de\/index.php?rest_route=\/wp\/v2\/users\/1"}],"replies":[{"embeddable":true,"href":"https:\/\/www.skiclub-baden-baden.de\/index.php?rest_route=%2Fwp%2Fv2%2Fcomments&post=4350"}],"version-history":[{"count":22,"href":"https:\/\/www.skiclub-baden-baden.de\/index.php?rest_route=\/wp\/v2\/pages\/4350\/revisions"}],"predecessor-version":[{"id":5045,"href":"https:\/\/www.skiclub-baden-baden.de\/index.php?rest_route=\/wp\/v2\/pages\/4350\/revisions\/5045"}],"wp:attachment":[{"href":"https:\/\/www.skiclub-baden-baden.de\/index.php?rest_route=%2Fwp%2Fv2%2Fmedia&parent=4350"}],"curies":[{"name":"wp","href":"https:\/\/api.w.org\/{rel}","templated":true}]}}